he greatest common divisor of 82 and 1394.
82
Calculate the greatest common divisor of 2266 and 66.
22
What is the highest common factor of 54 and 8937?
27
Calculate the greatest common divisor of 343 and 98.
49
What is the greatest common divisor of 16 and 10768?
16
Calculate the highest common divisor of 290 and 215.
5
Calculate the greatest common divisor of 1976 and 91.
13
What is the highest common divisor of 1017 and 9?
9
Calculate the highest common factor of 120 and 2.
2
What is the greatest common factor of 1177 and 107?
107
Calculate the highest common factor of 180 and 230.
10
What is the highest common factor of 105 and 60?
15
Calculate the greatest common divisor of 9669 and 132.
33
Calculate the greatest common divisor of 4828 and 34.
34
What is the greatest common divisor of 294 and 98?
98
Calculate the highest common factor of 113 and 16272.
113
Calculate the highest common divisor of 2 and 1196.
2
Calculate the greatest common factor of 4 and 38.
2
Calculate the highest common factor of 43 and 43.
43
What is the greatest common divisor of 11651 and 122?
61
Calculate the highest common divisor of 190 and 38.
38
Calculate the highest common factor of 93 and 217.
31
Calculate the greatest common factor of 4628 and 52.
52
What is the highest common factor of 8 and 648?
8
Calculate the greatest common divisor of 690 and 414.
138
What is the highest common factor of 242 and 27346?
242
What is the highest common divisor of 35 and 560?
35
What is the greatest common factor of 65 and 5?
5
Calculate the greatest common divisor of 275 and 330.
55
What is the greatest common divisor of 13346 and 1?
1
What is the greatest common factor of 711 and 324?
9
What is the highest common factor of 240 and 2460?
60
Calculate the highest common factor of 2353 and 6516.
181
Calculate the greatest common factor of 5808 and 33.
33
What is the greatest common factor of 8340 and 60?
60
What is the highest common factor of 133 and 7?
7
What is the highest common factor of 20 and 62180?
20
Calculate the greatest common divisor of 850 and 10.
10
What is the highest common divisor of 667 and 29?
29
Calculate the greatest common divisor of 29 and 29.
29
Calculate the greatest common divisor of 1670 and 290.
10
What is the greatest common divisor of 329 and 188?
47
What is the highest common factor of 13061 and 37?
37
What is the greatest common factor of 183 and 244?
61
What is the highest common divisor of 5341 and 545?
109
What is the greatest common factor of 3745 and 70?
35
Calculate the highest common divisor of 81 and 1863.
81
What is the greatest common divisor of 11 and 1?
1
Calculate the highest common factor of 171 and 27.
9
Calculate the highest common divisor of 7 and 41.
1
What is the greatest common divisor of 948 and 12?
12
Calculate the highest common divisor of 360 and 440.
40
What is the highest common divisor of 14 and 574?
14
What is the highest common divisor of 77 and 33?
11
Calculate the greatest common factor of 28 and 20.
4
Calculate the greatest common divisor of 1221 and 33.
33
What is the greatest common factor of 63 and 91?
7
What is the greatest common divisor of 15 and 375?
15
Calculate the highest common factor of 276 and 3956.
92
What is the greatest common factor of 1560 and 43290?
390
What is the highest common factor of 640 and 144?
16
What is the greatest common divisor of 92 and 8?
4
Calculate the highest common factor of 574 and 266.
14
Calculate the greatest common divisor of 646 and 38.
38
What is the greatest common factor of 17 and 1649?
17
Calculate the greatest common divisor of 23 and 20056.
23
What is the highest common factor of 16 and 44?
4
What is the highest common factor of 2268 and 216?
108
What is the greatest common factor of 4681 and 1057?
151
Calculate the greatest common divisor of 80 and 48.
16
Calculate the greatest common divisor of 22 and 18.
2
What is the highest common divisor of 1164 and 288?
12
Calculate the highest common divisor of 3124 and 66.
22
What is the greatest common factor of 936 and 13?
13
Calculate the highest common divisor of 3400 and 400.
200
What is the greatest common divisor of 2790 and 90?
90
What is the highest common factor of 1440 and 64?
32
What is the highest common factor of 46464 and 128?
128
Calculate the highest common divisor of 345 and 1104.
69
What is the highest common divisor of 12084 and 53?
53
What is the greatest common divisor of 20 and 790?
10
Calculate the highest common divisor of 2773 and 649.
59
What is the highest common divisor of 1113 and 147?
21
Calculate the highest common divisor of 16 and 136.
8
What is the greatest common divisor of 33 and 187?
11
Calculate the greatest common factor of 48 and 156.
12
What is the greatest common divisor of 2776 and 32?
8
Calculate the highest common factor of 440 and 80.
40
What is the highest common divisor of 90 and 1170?
90
Calculate the highest common factor of 36 and 4656.
12
What is the greatest common factor of 1792 and 560?
112
Calculate the highest common factor of 188 and 68.
4
What is the greatest common factor of 672 and 588?
84
What is the highest common factor of 918 and 252?
18
What is the greatest common divisor of 80 and 104?
8
Calculate the greatest common factor of 273 and 78.
39
What is the greatest common divisor of 10 and 1910?
10
What is the greatest common factor of 230 and 5750?
230
What is the greatest common factor of 328 and 108?
4
What is the highest common divisor of 1 and 73?
1
What is the greatest common divisor of 4 and 164?
4
What is the greatest common factor of 671 and 44?
11
What is the highest common divisor of 40 and 11830?
10
Calculate the highest common divisor of 9152 and 143.
143
What is the highest common factor of 23 and 2231?
23
What is the greatest common divisor of 20 and 230?
10
Calculate the highest common factor of 215 and 172.
43
Calculate the greatest common divisor of 56 and 42.
14
What is the greatest common divisor of 138 and 27669?
69
Calculate the highest common divisor of 136 and 48.
8
What is the greatest common divisor of 1351 and 772?
193
Calculate the greatest common factor of 31 and 527.
31
What is the highest common divisor of 18 and 48?
6
Calculate the greatest common divisor of 580 and 20.
20
Calculate the greatest common divisor of 1274 and 784.
98
What is the greatest common divisor of 140 and 100?
20
What is the greatest common divisor of 846 and 90?
18
Calculate the greatest common divisor of 15418 and 104.
26
Calculate the greatest common factor of 66 and 102.
6
Calculate the greatest common divisor of 1071 and 4437.
153
Calculate the highest common factor of 10714 and 88.
22
Calculate the highest common factor of 357 and 510.
51
Calculate the highest common divisor of 416 and 16.
16
Calculate the highest common factor of 24 and 168.
24
Calculate the greatest common factor of 6 and 1344.
6
What is the highest common factor of 25752 and 29?
29
What is the greatest common divisor of 329 and 7?
7
What is the greatest common factor of 27710 and 34?
34
Calculate the highest common divisor of 7 and 210.
7
Calculate the highest common factor of 12 and 5028.
12
Calculate the highest common divisor of 2420 and 275.
55
What is the highest common factor of 121 and 3267?
121
Calculate the greatest common factor of 6927 and 3.
3
Calculate the greatest common factor of 120 and 4660.
20
Calculate the greatest common divisor of 59 and 2.
1
What is the highest common divisor of 72 and 234?
18
Calculate the greatest common factor of 160 and 8760.
40
What is the greatest common divisor of 102 and 6222?
102
What is the highest common factor of 54 and 48?
6
What is the highest common divisor of 13514 and 58?
58
Calculate the greatest common factor of 32 and 80.
16
What is the greatest common divisor of 518 and 70?
14
What is the greatest common divisor of 6 and 54?
6
What is the greatest common factor of 51 and 3?
3
Calculate the highest common divisor of 54 and 2322.
54
What is the highest common factor of 42 and 56?
14
What is the highest common factor of 679 and 7?
7
Calculate the greatest common divisor of 75 and 475.
25
Calculate the highest common divisor of 615 and 75.
15
What is the greatest common factor of 3401 and 358?
179
What is the highest co